**3 - 21*x**2 + 88*x - 21. Let z be s(16). Suppose c + 31 = -23. Let b = z + c. What is the units digit of b?
3
Let k = 151 - 80. What is the tens digit of -3*(-5 - -3 - k)?
1
Let r = 1 + 1. Suppose 4*v = p - 5*p + 24, 2 = -r*v + 5*p. Suppose 2*j - 3*b - 48 = 0, -2*b + v*b + 4 = 0. What is the tens digit of j?
2
Let q = -177 + 184. Suppose 4*o - 552 = -6*x + x, 649 = 5*o - 4*x. Suppose 5*d - 115 = 5*n, q*d + n - o = 2*d. What is the tens digit of d?
2
Let x be (-1 + 46/6)*36/24. Suppose -9*t = -x*t + 36. What is the units digit of t?
6
Suppose 3*f = 3, -5*f + 32 = -2*k + 9. Let r = k - -63. What is the tens digit of r?
5
Suppose 0 = -7*n + 132 - 41. Let a(o) = 20*o + 16. What is the hundreds digit of a(n)?
2
Suppose -9*u + 4139 = -3790. What is the hundreds digit of u?
8
Let g(f) = -f**3 - 16*f**2 - 17*f + 5. Let v be g(-15). Suppose 33*w + v = 34*w. What is the units digit of w?
5
Let j = 0 + 3. Suppose 4*p + j = 23. What is the units digit of (78/15)/(2/p)?
3
Suppose -59*n + 24765 = 1342. What is the tens digit of n?
9
Suppose -4043 = -5*x - 2*m, -5*x - m + 4031 = -2*m. Suppose 0 = 4*p - x - 85. What is the hundreds digit of p?
2
Let l(t) = 2 - 4*t + 8 + 6*t - 3*t. Let q be l(7). Suppose 5*h - 106 = -q*y, 5*y + h - 76 - 64 = 0. What is the units digit of y?
7
Suppose -9*i + 2808 = -6*i. Suppose 8*h - i = -5*h. What is the tens digit of h?
7
Let k = 315 - 212. Suppose -2*a + 3*z + 174 + 77 = 0, -a + k = 3*z. What is the units digit of a?
8
Suppose 0 = -4*r + 3*m + 7246, -13*m + 15*m - 4 = 0. What is the tens digit of r?
1
Let j = 3 + 2. Suppose 2*a - j = 7. What is the units digit of a?
6
Let w(z) = -3*z - 3*z + 2*z**3 - 2 + 2*z - 4*z**3. Let q be w(-3). Suppose o = -o + q. What is the units digit of o?
2
Suppose v + 3*p - 506 = 0, 2*v - 7*v + 4*p + 2454 = 0. What is the units digit of v?
4
Let i(g) = 70*g - 8. Let y be 9/7 - 12/42. What is the tens digit of i(y)?
6
Suppose 2*d = 5*t + 1072, 2*t + 4*d + 1066 = -3*t. Let l = t - -354. Suppose 3*o + 3*w = w + l, 3*w = -4*o + 186. What is the tens digit of o?
4
Let a = -16 - -31. Let u = a - 6. What is the units digit of u?
9
Suppose 293*m - 10965 = 276*m. What is the hundreds digit of m?
6
Let b(z) be the second derivative of 4*z - 5/3*z**3 + 0 + z**2. What is the tens digit of b(-2)?
2
Suppose 4*y - 13913 = -3*v, 4*y + 6*v = 11*v + 13889. What is the hundreds digit of y?
4
Let b(p) = -p**2 + 5*p + 3. Let k be b(6). Let f(j) be the second derivative of -j**5/20 - j**4/6 - j**3/2 + 2*j**2 - 18*j - 2. What is the units digit of f(k)?
2
Let f(i) = -3*i - 10. Let y be f(-4). What is the units digit of y/((-5)/(-4) - 1)?
8
Suppose -20 - 16 = -4*i. What is the units digit of 7/i + (-8)/(-36)?
1
Let y(s) = -s**2 + 11*s + 308. What is the hundreds digit of y(0)?
3
Suppose f + 0*f = 0, 0 = -2*i - 4*f + 546. What is the hundreds digit of i?
2
Let g(d) = 3*d - 25. Let o(k) be the second derivative of 2*k**3/3 - 37*k**2/2 + 2*k. Let r(j) = 7*g(j) - 5*o(j). What is the units digit of r(-5)?
5
Suppose -3*z = g - 6, 2*z + 0*z = 2*g + 4. Suppose -3*d - 82 = -5*l, z*d - 32 = -l - 78. What is the units digit of (-966)/d - (-1)/(-4)?
0
Let b(y) be the third derivative of y**6/120 + y**5/15 + 5*y**4/24 + y**3/2 - 2*y**2. Let o be b(-3). What is the units digit of (-10)/(-15) + (-22)/o?
8
Let z be (-27454)/(-42) + (14/6 - 2). Suppose 0*a - 6*a + z = 0. What is the units digit of a?
9
Let i be (5 + -3)/(6/(-21)). Let a = -4 - -6. What is the tens digit of (i + 8)/(a/50)?
2
Suppose -3*q - v + 112 = 0, -3*q + v + 142 = -4*v. Suppose 0*r - 3*r = -l + q, -4*l + 198 = 2*r. What is the units digit of l?
8
Let t(l) be the third derivative of l**5/60 - l**4/12 - 5*l**3/6 - l**2. Let j = -24 + 19. What is the tens digit of t(j)?
3
Suppose 14*w - 10*w - 1720 = -5*a, 4*w + a - 1720 = 0. Suppose -g + z = 6*z - 126, 2*z - w = -3*g. What is the hundreds digit of g?
1
Suppose 0 = 4*c - 1 - 15. Let w = c - -8. What is the tens digit of w?
1
Suppose -a + 1037 = 5*s, 5*a + 2*s - 5119 = -s. What is the units digit of a?
2
Let w(l) = 556*l**2 - 51*l + 103. What is the thousands digit of w(2)?
2
Let r(j) = -j**3 - 23*j**2 - 24*j + 30. Suppose 241 - 21 = -10*d. What is the tens digit of r(d)?
7
Suppose -2*s - 3*d = -37, 4*d - 64 = -3*s - 9. Let z = s - -65. What is the units digit of z?
2
Let k(i) = 112*i**2 + 29*i + 61. What is the hundreds digit of k(-5)?
7
Let j = -1 + 14. Let v = 13 - j. Suppose -2*o = -v - 64. What is the units digit of o?
2
Let u(a) = 2*a**2 + 15*a + 25. What is the hundreds digit of u(-13)?
1
Let r = 1373 + -419. What is the tens digit of r?
5
Let a(j) = -5*j**3 + 13*j**2 + 26*j + 11. What is the hundreds digit of a(-7)?
1
Let h = -43 + 46. Let t(r) = 4*r**2 - r - 2 - 2*r - 1. What is the tens digit of t(h)?
2
Let k = 1892 + 1136. What is the tens digit of k?
2
Suppose -11*z = -7*z - 288. Suppose 13*p = 12*p + z. What is the units digit of p?
2
Suppose 5*w - 2*z - 180 = 0, z = -4*w - 0*z + 157. Suppose -w*r + 36*r + 110 = 0. What is the units digit of r?
5
Let y(t) = -4*t**2 + t. Let j be y(1). Let z(w) = 3*w**2 - 4*w - 6. Let d be z(j). Let k = d + -21. What is the tens digit of k?
1
What is the hundreds digit of (-9 - -15)*(-3 + (-1438)/(-3))?
8
Suppose -94463 = -55*h + 27252. What is the tens digit of h?
1
Let l(g) = 3*g - g**3 - 5*g + 11 + 6*g - 13*g**2 + 5*g. What is the units digit of l(-14)?
1
Let z = -1213 + 2252. What is the units digit of z?
9
Suppose -7*d = -5*x - 3*d - 500, 374 = -4*x - 2*d. Let y = 206 + x. Suppose -y = h - 3*h. What is the tens digit of h?
5
Let t(q) be the second derivative of q**5/20 - q**4/4 - q**3/2 + q**2 - 44*q. Suppose 17 = 3*u + 5. What is the units digit of t(u)?
6
What is the hundreds digit of ((-2)/((-8)/(-11)))/((-1)/44)?
1
Let a be (-10)/3*(-114 + 87). Suppose -42 = -4*m - 14. Suppose k + a = m*k. What is the units digit of k?
5
Suppose -5*q + 4*q - 26 = 0. Let w = q - -51. What is the units digit of w?
5
Let k = 2 + -2. Let m(o) = -o + 14. Let c be m(k). Suppose 5*d = 6*d - c. What is the units digit of d?
4
Let q(r) = r**3 - 10*r**2 - 8*r + 6. Let v(i) = -i**2 - 6*i - 3. Let p be v(-2). Suppose p*m - 74 = -19. What is the units digit of q(m)?
9
Suppose 0 = 4*g + 16, -4*o + 0*g + 15140 = -5*g. What is the thousands digit of o?
3
Suppose -2*v - 5*y = -y - 30, 5*v - 115 = -2*y. Suppose -v = -3*t + 95. What is the tens digit of t?
4
Let b = 105 + -30. What is the tens digit of 2*(3 - b/(-6))?
3
Suppose -21*o - 579 = -2679. What is the tens digit of o?
0
Suppose 3*z - 9*z = 36. Let i = z - -27. Let x = 55 - i. What is the tens digit of x?
3
Let k(v) = v**3 - 32*v**2 + 16*v - 91. What is the tens digit of k(32)?
2
Let p be 171/6*(-14)/(-3). Suppose -n = -5*c - 118, n - 5*c - p = -3*c. What is the hundreds digit of n?
1
Let l(w) = -w**3 - 13*w**2 + w + 18. Let v be l(-13). Suppose 0 = v*z + z - 216. What is the units digit of z?
6
Suppose -44 = 5*z - t, 4*t - 12 = 4. Let o = z - -8. Suppose o = -2*c - 9 + 59. What is the units digit of c?
5
Let w be (-1 - -1) + -8*(-8)/4. Let d = w + 28. What is the units digit of d?
4
Let s = -105 + 154. What is the tens digit of s?
4
Suppose -k - 3*k = 5*u - 1875, 0 = -4*k - 4*u + 1876. What is the hundreds digit of k?
4
Let f(a) = 0*a + 4*a**3 - 3*a + 2*a**2 - 3 - 3*a**3 - 3*a**2. Let s be f(3). Suppose 2*w - 76 = -4*r + s*w, 13 = r + w. What is the units digit of r?
6
Let d be 4160/100 - (-4)/10. What is the units digit of (-830)/(-14) - 12/d?
9
What is the tens digit of (-7222)/(-3) + -2 + 6/9?
0
Suppose 0 = 2*z - 5*z - 249. Let f = 38 - z. What is the tens digit of f?
2
Let a be (2/(-4))/(7/(-84)). Let c(n) = -n**3 + 5*n**2 + 7*n. Let z be c(a). Suppose -3*d - 2*g = -12, 0 = -z*d + 4*d - 4*g. What is the units digit of d?
6
Suppose -4*l - 9 = -l. Let i be l + 1*(-67)/(-1). Let b = i + -26. What is the units digit of b?
8
Let q be (6/(-8))/((-3)/12). Suppose g + 3*m = 214, -q*g + 0*m = m - 626. What is the tens digit of g?
0
What is the hundreds digit of (-498)/18*(12/(-3) - 5)?
2
Let q = 23 - 22. Let p be q*(4/1 + -8). What is the tens digit of 2/p + 540/24?
2
Suppose -2*p + 3*o - 15 = 0, 0*o - 10 = -2*p - 2*o. What is the tens digit of -1 - p/1 - -30?
2
Let t be (-453)/15 + (-1)/(-5). Let c(z) = -z + 1. Let u(y) = -7*y + 5. Let p(